he tens digit of r?
1
Let y be (-724)/(-6) - 30/45. Let z(b) = 12*b - 19. Let i be z(-3). Let s = i + y. What is the units digit of s?
5
Let x(g) = -42*g**2 - 8*g - 5. Let l be x(-3). Let r = -62 - l. What is the units digit of r?
7
Let p be ((-528)/(-352))/(3/(-46) - 0). Let c be (70/(-4))/((-1)/(-2)). Let o = p - c. What is the units digit of o?
2
Let m = 52 - 92. What is the units digit of 427 + m/16*2?
2
Let r(f) = 170 - 50 + 55 + 130 + 17*f. What is the tens digit of r(0)?
0
Suppose 4*d = 5*z + 2673, 2*d - 1335 = 6*z - 5*z. Suppose 0 = 3*n - d - 14. What is the hundreds digit of n?
2
Suppose 3*t + 5*w = 16, -5*t - 2*w + 13 = -6*t. Let r(z) = 13 - 13 + 7*z + 9*z**2. What is the tens digit of r(t)?
6
Let q be (3 + -4)/(-3)*(2 + 4). Let b(r) = -r**2 + 6*r - 3. Let u be b(q). What is the units digit of 85*(u - 3 - 0)?
0
What is the units digit of ((-22)/143 - (-210)/(-325))*82670/(-14)?
4
Let t = 26644 - 15550. What is the thousands digit of t?
1
Let y = -30 - -42. Let v = y + -65. Let d = v - -80. What is the units digit of d?
7
Suppose -7*x + 11030 = 467. What is the hundreds digit of x?
5
Suppose -4*g - 2*r + 182 = 0, 0 = -2*g + r + 77 + 8. What is the units digit of (g - 45)*(1 + -723)?
2
Suppose 173*i - 5448540 + 665279 - 102778 = 0. What is the thousands digit of i?
8
Suppose 0 = -v + 218 + 41. Let c = v - 370. Let k = c + 219. What is the hundreds digit of k?
1
Suppose 3*n = 5*j + 6851, 2*n - 4582 = 13*j - 17*j. What is the tens digit of n?
8
What is the units digit of ((-9)/3)/((108/57126)/(-6))?
1
Suppose -3*v = 3, 2*l + 0*v - 8589 = 3*v. What is the hundreds digit of l?
2
Let x = -522 + 535. Suppose 1542 = 14*h - x*h. What is the units digit of h?
2
Suppose 358*g = -3*r + 356*g + 29917, -3*r - 5*g + 29932 = 0. What is the hundreds digit of r?
9
Let h(l) = 3*l. Let z(x) = 2*x. Let n(m) = 3*h(m) - 4*z(m). Let y be n(6). Let o(g) = 4*g + 27. What is the units digit of o(y)?
1
Let v be 124/9*(-11 - 310/(-20)). Suppose -14*g + v*g - 36000 = 0. What is the tens digit of g?
5
Suppose 75*j = -185*j + 73*j + 477972. What is the units digit of j?
6
Suppose c - 79 = -2*t, 4*c + 158 = 6*c + t. Suppose 0 = o - 7 + 78. Let r = o + c. What is the units digit of r?
8
Let k be (-4)/(-16) + (3681/12 - -2). Suppose -12*j + 315 = -k. What is the units digit of j?
2
Let a(r) = -r**2 + 5*r - 10. Let j be a(3). Let g(c) = -23*c**3 - 8*c**2 + 4*c - 1. What is the thousands digit of g(j)?
1
Let n = 192 + -1883. Let c = -1114 - n. What is the tens digit of c?
7
Suppose -7*k + 13*k - 5748 = 0. Suppose 4*l = k + 302. Let a = l + -179. What is the hundreds digit of a?
1
Let g(o) = 2*o**2 + 41*o + 27. Let d = -54 + 34. What is the units digit of g(d)?
7
Suppose 2*d - 10 = j, 2*j - 2*d + 10 = -2*j. Suppose -2*q + 571 + 49 = j. What is the hundreds digit of q?
3
Let o(w) be the third derivative of w**6/60 + w**5/15 - 5*w**4/24 + 2*w**3/3 + 3*w**2 + 8. What is the tens digit of o(3)?
7
Let p = 193 - 191. Suppose -p*d - 4602 = -15*d. What is the hundreds digit of d?
3
What is the thousands digit of -9 - (6/(-39) - (1035032/13)/1)?
9
Suppose -5*u = -69*v + 74*v - 34705, 5*v - 34735 = 5*u. What is the hundreds digit of v?
9
Suppose i + 32720 = 4*m + 7*i, m - 8189 = -3*i. What is the hundreds digit of m?
1
Suppose 846 = 4*q - 2066. Suppose -28*f + 30*f + q = 0. Let j = -251 - f. What is the hundreds digit of j?
1
Let r = 1466 + 2912. What is the units digit of r?
8
Let d(i) = 12*i - 158. Let o be d(13). What is the units digit of -1 - (12/7)/(o/7)?
5
Let j(k) = k**3 + 10*k**2 - 8*k + 29. Let l be j(-11). What is the units digit of (-43434)/(-19)*(-2)/l?
3
Suppose 20 = -5*o, -3*o = 4*s + 78155 + 3169. Let t be s/18 + (-4)/6. What is the units digit of 1 - 21/27 - t/18?
3
Let u = 105 - 104. Let c(l) = 75*l**2 + l. Let z be c(u). Let n = z + -44. What is the units digit of n?
2
Suppose 3*i + 1588 = -50. Let o = -243 - i. Let r = -173 + o. What is the tens digit of r?
3
Let t = 24954 - 9631. What is the thousands digit of t?
5
Let r = 106 - 93. Suppose -3*y + 25 = 5*h, -4*h - r = -2*y - 11. Suppose 5*l + 91 = 3*g - 233, 0 = -2*g - h*l + 200. What is the tens digit of g?
0
Let u = -966 + 2296. Suppose -q + 5*j + 250 = 0, 5*q + j - 6*j - u = 0. What is the units digit of q?
0
Suppose -2*l - 4*g = 8002, -5*g + 2*g + 16004 = -4*l. Let r = -2145 - l. What is the tens digit of r?
5
Let d = 14901 + -10314. What is the units digit of d?
7
Suppose 182*v - 21942 = 159*v. What is the hundreds digit of v?
9
Let t(f) = -18*f**2 - 10*f + 38. Let i be t(4). Let w = -220 - i. What is the units digit of w?
0
Suppose 16*x + 12 = 19*x. Suppose 1321 = m + 3*q - 6*q, -x*q - 1316 = -m. Suppose -12*u + 4*u + m = 0. What is the hundreds digit of u?
1
Let q(y) = y**3 - 3*y**2 - 5*y + 4. Let s be q(4). Suppose 5*p - 10*p - 30 = s. Let g = 74 - p. What is the units digit of g?
0
Let r(t) = 940*t**2 - 30*t - 48. What is the tens digit of r(6)?
1
Suppose -7*a - 13*a = -6520. Suppose 0 = 4*o - a - 122. What is the units digit of o?
2
Let j = -5996 + 10334. What is the tens digit of j?
3
Suppose -49614 = -239*p + 236*p - 3*j, 3*j = -9. What is the thousands digit of p?
6
Let t be 63/(-105)*20/(-6). Suppose 5*j - 564 = -3*b, b - 3*j = 151 + 37. Suppose -t*h + 3*h - 185 = 2*a, -h + b = a. What is the hundreds digit of h?
1
Let x = 3 - -4. Let q be (3 + 48 + -1)*(-1 + x). Suppose o + q = 3*r, 0 = 2*o + 2 + 4. What is the units digit of r?
9
Let f be (-3)/((-6)/(-10))*3/(-5). Suppose f*o + o + 2*g = 126, 2*o - 57 = -3*g. Suppose -3*u + 315 - o = 0. What is the units digit of u?
4
Let m(h) = 49*h**3 + 4*h**2 + 15*h - 3. Let a(o) = 24*o**3 + 2*o**2 + 7*o - 1. Let p(y) = -9*a(y) + 4*m(y). What is the tens digit of p(-2)?
5
What is the thousands digit of (-295)/177*(-2)/2*120636/90?
2
Let y(t) = -199*t + 10*t + 26 - t - 164*t. Let q be y(-8). Suppose -868 = 10*f - q. What is the tens digit of f?
9
Let a be ((-15)/45)/((-2)/2730). Suppose -508 = -5*y - 4*g, -45 = 4*y + 5*g - a. What is the hundreds digit of y?
1
Let h be 522*(3 - (0 - 5)). Suppose -v + 9*v = h. What is the tens digit of v?
2
Let j = 23 - 12. Let q be (-2)/(-8) + 2730/56 + 25. Let w = q + j. What is the tens digit of w?
8
Let j(v) = -45*v - 6. Suppose 16*p + 130 = 2. What is the tens digit of j(p)?
5
Let w(k) = 58*k**3 + 2*k**2 - 2*k + 1. Suppose -j + i - 2*i = 9, -j = -5*i + 33. Let g = 14 + j. What is the tens digit of w(g)?
5
Suppose 2*r + 13032 = 4*t, 1 = 2*r - 7. What is the units digit of t?
0
Let q = 329 - 230. Suppose 0 = -15*l + 6*l - q. What is the tens digit of (-475)/l + (-6)/33?
4
Suppose -34*o + 751836 = -88848. What is the ten thousands digit of o?
2
What is the tens digit of (-11902426)/(-2148) + (-1)/(-6)*-1?
4
Suppose s = 3*m + 4801, -2*s - 5*m = -6*m - 9597. What is the thousands digit of s?
4
Suppose 0 = a - 3, 77 = -5*d - 4*a - 16. Let t = -46 + -17. Let r = d - t. What is the units digit of r?
2
What is the ten thousands digit of ((-45)/10)/(((-696)/282880)/29)?
5
Let c = 1 + 10. Suppose 9 = -3*l, -8*l - c = 4*r - 3*l. What is the units digit of (-7)/14 - r/(2/(-161))?
0
Suppose 3*w - 5*j = -w + 28832, j + 21635 = 3*w. What is the hundreds digit of w?
2
Suppose 4*s = -0*w - w - 11, -s = -5*w - 13. Let r be w/(-2)*(-12 - -14) - -17. Suppose r*f - 516 = 16*f. What is the units digit of f?
9
What is the thousands digit of ((-9130)/(-33))/(2/48)?
6
Let m(h) be the second derivative of -42*h**3 - 27*h**2/2 + 46*h + 2. What is the tens digit of m(-3)?
2
Let t = 49 + -47. Let g(q) = -7*q + q**t + 7*q - 6*q + q**2. What is the tens digit of g(-8)?
7
What is the units digit of (-2 + 1)/(324/(-1177740))?
5
Let i = -218 - -394. Suppose 5*f = i + 2109. What is the units digit of f?
7
Suppose 2*i - 2*o - 1787 - 7725 = 0, 0 = 3*o + 6. What is the hundreds digit of i?
7
Let s(g) = 167*g**2 + g - 1. Let w be s(1). Let q = -39 + w. What is the tens digit of (q/1)/(17 + -16)?
2
Let u = 934 - -1611. What is the tens digit of u?
4
Let c be 6/(-27) - 58/(-18). What is the hundreds digit of (-2)/(-12)*c*1438?
7
Let j(v) be the second derivative of -10*v**3 + 26*v**2 - 12*v. What is the units digit of j(-3)?
2
Let q(t) = -1. Let x(z) = -342*z + 55. Let s(f) = 6*q(f) + x(f). What is the tens digit of s(-2)?
3
Suppose -2*q = -5*m + 14*m - 30373